4*w + 26. Let t = -18 + 7. Let q be i(t). Let b(y) = 18*y - 142. Let s be b(9). Calculate the greatest common factor of q and s.
20
Let n = -9564 + 9584. Calculate the highest common factor of n and 9260.
20
Suppose -31*r - 621 = -3721. What is the highest common factor of r and 504?
4
Let p(y) = 111*y**3 - 22*y**2 - 19*y + 31. Let r be p(2). Let l(b) = b**3 + 5*b**2 - 9*b - 5. Let n be l(-6). Calculate the highest common factor of n and r.
13
Suppose 4 = -2*a, 0 = -3*f + 4*a + 26 + 21. Suppose f*g + 42 = 276. Calculate the greatest common divisor of 414 and g.
18
Suppose 218 = -2*n - 126. Let q be 0 + 1 + -2 - n. Let p = -1014 - -1033. What is the greatest common divisor of p and q?
19
Let u(v) = -33*v - 15. Let f(b) = -b**2 + 3*b + 3. Let w be f(-1). Let j be u(w). What is the highest common factor of 72 and j?
18
Let k = 67 - 68. Let p(c) = 16*c**2 + 5*c + 1. Let x be p(k). What is the greatest common factor of x and 54?
6
Let u be 1/(((-3)/(-6))/1). Suppose 0 = 3*m, u*l + 5*m - 30 = 12. Let g = -571 - -634. Calculate the greatest common factor of g and l.
21
Let w be (-2)/(2*592/395 + -3). Let f = 882 - w. Calculate the highest common divisor of f and 598.
46
Let b = 8 - 2. Suppose 0 = 5*m + 2*f - 10, 0*m = 4*m - 3*f - 8. Suppose r + m*o - 16 = 20, 108 = 3*r - 5*o. Calculate the highest common divisor of b and r.
6
Let o = 14511 + -13559. What is the greatest common divisor of o and 2720?
136
Let g be (-2)/9 + ((-44320)/(-18) - (-76)/(-38)). Calculate the greatest common factor of g and 18.
6
Suppose 399 + 3633 = 6*q. Let c be ((-72)/32)/((-9)/q). Calculate the highest common divisor of 21 and c.
21
Suppose 5*o + 19*z - 32205 = 24*z, 6457 = o - 5*z. Calculate the highest common factor of 41 and o.
41
Let w = -513 - -481. Let i be (4/(w/90))/((-60)/160). What is the greatest common divisor of i and 12?
6
Let g = 12902 - 12838. Calculate the greatest common factor of 15680 and g.
64
Let r(m) be the third derivative of 29*m**4/24 - 79*m**3/6 + 59*m**2. Let n be r(4). Calculate the highest common factor of n and 333.
37
Suppose -2*f = -5*x + 72, 3*x + f - 36 = x. Suppose -4*t + 5*a = -96, 3*a - 72 = -2*t - t. What is the greatest common divisor of x and t?
8
Suppose 2*q - z - 3397 = 1204, -9199 = -4*q + z. Calculate the greatest common divisor of q and 19.
19
Let i(j) = -3*j**2 + 14*j + 3*j**2 + 10 - j**2. Let d be i(13). Let h = 178 - -29. What is the greatest common factor of d and h?
23
Suppose 4*p = -2*o + 1260, -881*o + 877*o = -2*p + 630. Calculate the highest common factor of 3591 and p.
63
Let c be 1/3 + (-76)/(-6). Suppose -42*v - 980 + 1895 + 1269 = 0. Calculate the greatest common divisor of v and c.
13
Suppose -30 = 3*n - 4364*x + 4359*x, 14 = -n + 2*x. Suppose -4*s + 397 - 77 = 0. Calculate the highest common divisor of n and s.
10
Suppose 0 = -i - q, 2*i = 20*q - 15*q + 14. Suppose -40 = -r - 3*t, 3*r - 66 = i*t + 43. Calculate the highest common divisor of 296 and r.
37
Let q be (-1334)/(-4) + 1/(-2). Let j(m) = 3*m**2 - 126*m - 9831. Let r be j(-40). Calculate the greatest common divisor of r and q.
9
Let z be (-6)/1 + (3286954/424 - 2/8). What is the greatest common factor of z and 6?
6
Suppose -2*i + 5 = o, 5*o - 4*i - 80 = -3*i. Let r = o - 1. Let j be 1 + 3 - 140/(-14). What is the greatest common divisor of j and r?
14
Let m(b) = -78*b - 1893. Let f be m(-25). What is the greatest common divisor of 3 and f?
3
Let g = 160 - -282. Suppose q = -3*h + 208, 2*h - g = -4*q + 420. Calculate the greatest common factor of q and 7.
7
Let f = -167 + 163. Let w(u) = -54*u - 9. Let j be w(f). Calculate the highest common factor of j and 9.
9
Suppose 5*q + 1627 = 2*d, 1042 = 3*d - q - 1379. Let c = -730 + d. What is the highest common factor of c and 209?
19
Let g = 9152 + -3272. What is the greatest common divisor of g and 1225?
245
Let l be (0 - 6/(-15)) + 6776/385. Let z(v) = 11*v + 1. Let d be z(4). Calculate the greatest common divisor of l and d.
9
Let i be (12/5)/((-61)/549*(-27)/75). What is the highest common factor of 12165 and i?
15
Suppose -5*h + 4*v = -883, 3*h - 398 - 129 = v. Calculate the greatest common factor of h and 60.
5
Suppose 2*w + 2*y + 8 = 0, 5*w - 4*y = -6*y - 8. Suppose w = 61*f - 51*f - 210. What is the greatest common divisor of f and 140?
7
Let b = 17734 + -17707. Let r = -1111 - -1651. Calculate the highest common factor of r and b.
27
Suppose 133672 = 189*c + 245*c. Let l be ((-1)/(-2))/((-2)/16). Let f(a) = -8*a - 4. Let k be f(l). What is the greatest common divisor of k and c?
28
Let z be (-52)/(-6) + (-35)/21. Suppose z = 8*y - 7*y. Let j be ((-36)/(-2))/(y - (0 - -6)). Calculate the highest common divisor of j and 54.
18
Let h = 5378 + -5364. What is the greatest common divisor of 28 and h?
14
Suppose -150*n = -157*n + 77. Suppose -f = 2, n = -13*i + 16*i + 5*f. Calculate the highest common factor of 77 and i.
7
Let p(u) = -2*u**3 - 262*u**2 - 251*u + 1179. Let b be p(-130). What is the highest common factor of 37 and b?
1
Let b(i) = 241*i - 3. Let c be b(1). Let q = c + -163. What is the greatest common factor of q and 5?
5
Suppose -5*y = 2*u - 77, 4*y = -0*y + 12. Suppose 3*f + 394 = 2*d, -u*d - 992 = -36*d + 4*f. Calculate the highest common divisor of 8 and d.
8
Let l = 6327 + -6069. What is the highest common divisor of l and 42?
6
Let y(h) = -2*h**3 - h**2 + 2*h + 4. Let k be y(-4). Suppose 28*w - 25*w - k = 0. What is the greatest common divisor of w and 72?
36
Suppose 6*p - 4*p = 40. Suppose -4*f + p = -3*f. Let i = -346 + 350. What is the highest common divisor of f and i?
4
Let t(o) = 6*o**2 + o + 2. Let g be t(2). Let q be (1 + -9)/2 + (-36)/(-3). Calculate the highest common divisor of g and q.
4
Let l be (-1712)/(-6)*3/(-2). Let j = l - -459. Calculate the highest common factor of 31 and j.
31
Let a = -262 - -64. Let u be a/(-55)*(59/2 - -3). What is the highest common divisor of u and 65?
13
Let w = 4352 - -1196. What is the greatest common factor of w and 76?
76
Let g be ((-54)/(-33))/((-381)/(-2794)). What is the highest common factor of g and 256?
4
Let v(q) = 7*q**2 - 20*q - 149. Let a be v(-9). Calculate the highest common divisor of 322 and a.
46
Let k = -2419 - -7499. What is the highest common divisor of 40 and k?
40
Let o be 16352/48 + -10 + 6/(-9). Calculate the highest common divisor of o and 11.
11
Suppose -b + 110 = 5*g, -3*b - 6*g = -3*g - 366. Suppose 331*v - 333*v = -103 - 47. Calculate the highest common divisor of b and v.
25
Let v be 40 + (-1 - (1 - 1)). Let p be ((-199270)/(-390) - 4) + ((-238)/(-78) - 3). Calculate the greatest common divisor of p and v.
39
Suppose 61*z - 57880 = 38*z + 99509. Calculate the highest common divisor of 3 and z.
3
Let y(m) = -26*m - 5. Let h be y(-1). Let z = h - -75. What is the greatest common divisor of z and 16?
16
Suppose 18*j - 23*j - 75 = 0. Let v be (-4 + 0)*-1 + (-10 - j). Suppose 0 = -3*f + v*f - 6. What is the greatest common divisor of 11 and f?
1
Let k(l) = l**2 + 26*l - 480. Let w be k(13). What is the highest common divisor of w and 1809?
27
Let w(s) = 3*s**2 + 199*s + 4286. Let v be w(-35). What is the highest common divisor of 1743 and v?
249
Let h = 184 + -99. Suppose 0 = -4*s + 1705 - 465. Let x = s - 293. What is the highest common factor of x and h?
17
Let d = 21207 + -20448. What is the highest common divisor of d and 207?
69
Let c = -849 + 1609. Calculate the greatest common factor of c and 160.
40
Let f = 41177 - 40813. Let v = 28 - 15. What is the greatest common divisor of f and v?
13
Let f(t) = t**3 - 12*t**2 + 18*t + 24. Let i be f(10). Suppose 0 = -2*s - 4*v + v + 10, 6 = 2*s + i*v. What is the highest common divisor of 451 and s?
11
Let f = -199 - -202. Suppose f*p = 147 - 15. Calculate the greatest common factor of p and 55.
11
Let v(u) = 3*u**2 - 49*u + 11. Let s be v(0). What is the greatest common factor of 139 and s?
1
Suppose 2*s + 688 = 2*g, 691 = -3*g + 5*g - 5*s. What is the highest common divisor of 35 and g?
7
Let g(q) = -q**3 + 24*q**2 + 50*q - 952. Let o be g(24). What is the greatest common divisor of o and 4309?
31
Let m be (6912/540)/(4/490). What is the greatest common divisor of m and 49?
49
Let v(h) = h**2 - 3*h + 6. Let i be v(6). Suppose 0 = -2*x - n + 28, 2*x - 16 = x - n. Suppos